
2
Let w = 275 - 273. Suppose 0 = -4*g + 2*g - u + 1035, -u = -w*g + 1037. What is the tens digit of g?
1
Suppose -156*h = -154*h - 23932. What is the tens digit of h?
6
Suppose -4*h + 496 = 4*i, -9 = 10*h - 13*h. Suppose -i = -2*t + 41. What is the tens digit of t?
8
Suppose 165786 - 40842 = 48*p. What is the thousands digit of p?
2
Let k(o) = 2*o**2. Let h be k(-2). Suppose 2*u - 2 = h. Suppose -5*x = s + 20, 2*x + 3*x + 50 = u*s. What is the units digit of s?
5
Let s = -181 + 735. Suppose 4*b - 204 - s = -g, -4*g - 768 = -4*b. Suppose b = -7*d + 624. What is the tens digit of d?
6
Suppose 2*r - 2*o = 2*o - 6, 4*o - 16 = 4*r. Let z be (r/(-10))/(3/30). Suppose -22 + 2 = -z*f. What is the units digit of f?
4
Suppose 0 = -13*f + 23 + 3. Suppose -3*g = f*n - 4*n + 107, 0 = 3*n - 3*g - 153. What is the tens digit of n?
4
Let j(o) be the third derivative of 51*o**6/8 - o**5/60 - o**4/12 - 23*o**2. Let h be j(-1). What is the units digit of 5/(-15) + h/(-6)?
7
Let s = -80 - -80. Suppose s = -u + 139 + 68. Let w = u + -126. What is the units digit of w?
1
Let n = -79 + 83. Suppose -y = -2*c + 644, 0 = -n*c + 2*c + 3*y + 652. What is the hundreds digit of c?
3
Let z(f) = f**3 + 19*f**2 - 53*f - 43. Let m be z(-21). Let y = m + 692. What is the tens digit of y?
8
Let k be 22/2 + 2*(1 + -3). Suppose k*g - 4149 = -894. What is the hundreds digit of g?
4
Let d(j) = 25*j + 1. Let p = 356 + -354. What is the units digit of d(p)?
1
Let z(b) be the second derivative of -b**5/20 + b**4 - 5*b**3/6 - 2*b**2 - 6*b + 4. What is the units digit of z(7)?
6
Let v = -40377 - -43253. What is the hundreds digit of v?
8
Suppose -4*a + 3*m + 4331 = 0, -30*a - 3*m + 2179 = -28*a. Let u = -136 + a. What is the units digit of u?
9
Suppose 37665 = -110*k + 123795. What is the units digit of k?
3
Let g(o) = 70*o + 266. Let z be g(-4). What is the hundreds digit of (8 + z)/(4/(-82))?
1
Suppose -3*p - 16 = -13, -4*p - 12 = -2*k. Suppose -j - l + 162 = -5*l, k*j + l = 563. What is the units digit of j?
2
Let v(w) = -4*w**3 - 10*w**2 + 4*w + 1. Let s be v(-4). Let g = s - 79. Suppose -3*j = -12, g*a - 84 = -0*a - 2*j. What is the units digit of a?
8
Let z = 6 - 13. Let k(o) = 5 - 9 + 6*o - 5 - 3 + 8*o**2 + 20 + o**3. What is the tens digit of k(z)?
1
Let j(m) = 1429*m**2 + 181*m - 364. What is the units digit of j(2)?
4
Let a be -9*(-7)/((-105)/100). Let o = 107 + a. Let l = o + 0. What is the units digit of l?
7
Let z = -21376 - -23905. What is the units digit of z?
9
Let s(v) = v**2 - 22*v + 20. Let t be s(21). Let x be -1 + (4 - 6)*t. What is the units digit of (-12 - 1)*(-1)/x?
3
Let k = 1042 - 1039. Suppose 0 = 4*v - 5*x - 399 - 192, x + 3 = 0. Suppose -k*i = i - v. What is the tens digit of i?
3
Let i = 179 + 1193. Suppose -m - o + 856 = 0, 4*m - 2044 - i = -2*o. Suppose 0 = 4*y - 8*y + m. What is the tens digit of y?
1
Let f be (-5)/(3 - (1 + 3)). Suppose 3*j = -t + 19, -4*t + t - 3 = -3*j. Suppose 160 = i + 3*x, -f*x + 325 = 2*i - t*x. What is the tens digit of i?
6
Suppose 0 = 5*q - 2*l - 0*l - 6, -l - 3 = -4*q. Let n(m) = m**2 + 34*m + 327. Let s be n(-13). Suppose 2*w - s - 58 = q. What is the tens digit of w?
5
Let d be (-14 - -13)*(-2 + 2 + -5). Suppose -5*u - 36 = 2*k - 376, d*k = -2*u + 850. What is the tens digit of k?
7
Let p be 6/(-36) + (-23)/6. Let x(b) = -4*b**3 - 8*b**2 - 6*b - 10. What is the units digit of x(p)?
2
Let m(d) = 2*d**2 + 33*d - 23. Let q be (0 + 1)/(1/2*-1). Let h(p) = -5*p**2 - 2*p - 5. Let g be h(q). What is the units digit of m(g)?
6
Let j(w) = -2040*w + 56. What is the units digit of j(-1)?
6
Let g = 8271 + 276. What is the hundreds digit of g?
5
Let k(f) be the third derivative of 13*f**6/10 - f**5/30 + 4*f**2 - 10. What is the hundreds digit of k(1)?
1
Suppose 2*c - 4*c = -3*i + 6, -3*i = 2*c - 18. Let f be 4 + (c + 2)*-1. What is the hundreds digit of (f + 162/10)/(8/60)?
1
Suppose 0 = 32*k + 26*k - 51*k - 149380. What is the hundreds digit of k?
3
Let m(x) = 1012*x - 2107. What is the thousands digit of m(18)?
6
Suppose -38*y + 20*y = 18. What is the tens digit of y + 1 - -3 - -508?
1
Let y(o) = -10*o**2 - 91*o + 48. Let v be (-4)/(-14) + 363/77. Let p(b) = 7*b**2 + 61*b - 32. Let k(c) = v*y(c) + 7*p(c). What is the tens digit of k(-23)?
3
Suppose 77*j = 1385888 - 570150. What is the hundreds digit of j?
5
Let l be 2/(-5) - (-6 - 334/10). Suppose -2*y = 5*q + l - 154, 2*q - 46 = 4*y. Let f = q + 68. What is the tens digit of f?
9
Suppose 12*a = 33 + 3. What is the units digit of (4*243/144)/(a/32)?
2
Suppose -p + 3*z = -29335, 15*p - 12*p - 3*z - 88023 = 0. What is the hundreds digit of p?
3
What is the hundreds digit of 502940/75 - (-66)/495?
7
Suppose -6*s + 40 = -2. Suppose -2716 = -21*u - s*u. What is the tens digit of u?
9
Let a be 1 - -9*6/2. Let n = 36 - a. Suppose 1105 = n*i - 103. What is the tens digit of i?
5
Let l = -2297 - -2363. What is the tens digit of l?
6
Let a be (-45)/24 + 2 - 161/(-56). Suppose -2*t + 1577 = -t - a*n, t + 3*n = 1553. What is the units digit of t?
5
Let o be (-6)/(3 + -6 + (5 - 3)). What is the units digit of (-9)/o*(-2 - -40)*-1?
7
Suppose 77*u - 74*u = 4*b - 64351, -5*b - u + 80453 = 0. What is the ten thousands digit of b?
1
Suppose -4*c + 46*w + 7942 = 45*w, -7924 = -4*c - 2*w. What is the units digit of c?
4
Suppose 2*r - o + 2 = 0, 4*o - 16 + 8 = r. Let p be ((-9)/6)/((-1)/2). Suppose -s = 5, -5*j + r*j + p*s = -480. What is the tens digit of j?
9
Let c = 29 - 27. Let i be (-11 - 1)/c + (19 - 19). What is the tens digit of 41 + i/(-14) + (-40)/28?
4
Suppose -112*n + 1362159 + 428945 = 0. What is the tens digit of n?
9
Let s be (-76)/(-4)*9 + 1. Let b = s - 21. What is the units digit of b?
1
Let z(h) = -19*h + 13. Let t(m) = -2*m - 44. Let d be t(-23). Suppose -2*n + y = -d*y + 25, -4*n + y = 25. What is the hundreds digit of z(n)?
1
Let g = -406 - -409. Suppose -q + 3*h + 153 = g*q, 4*h - 4 = 0. What is the tens digit of q?
3
Let w = -298 + 4849. What is the units digit of w?
1
Let c = -56925 + 100776. What is the thousands digit of c?
3
Suppose -12*z + 12412 = -7*z + v, -7452 = -3*z - 3*v. What is the thousands digit of z?
2
Let q(r) = -r**3 - 2*r**2 + 1339. Suppose -10*v = -8*v. What is the tens digit of q(v)?
3
Let r = -479 + 837. Let l = -269 + r. What is the tens digit of l?
8
Let b be 1 + 2/15 + (-1533)/(-315). What is the units digit of ((-7)/(-6) - 1) + 2843/b?
4
Let h(v) be the first derivative of -9/2*v**2 + 10/3*v**3 + 12*v - 7 - 1/4*v**4. What is the units digit of h(9)?
2
Suppose 174661 = -87*m + 918578 + 2469515. What is the tens digit of m?
3
Let i(a) be the second derivative of -5*a**3/6 + 10*a**2 + 12*a. Let f be i(11). Let g = f - -81. What is the units digit of g?
6
Suppose 5*j + 4*j - 3276 = 0. Suppose 124 = 2*u - j. Let c = -133 + u. What is the hundreds digit of c?
1
Let n = 833 + -217. Suppose -n - 3353 = -7*w. What is the units digit of w?
7
Let m(c) = c**3 - 14*c**2 - 13*c - 27. Let l be m(15). Suppose -299 = 4*j - 5*j + u, -l*j + 895 = -5*u. What is the hundreds digit of j?
3
Suppose 3*b - 10741 = -t + 3068, 3*b = 3*t - 41463. What is the thousands digit of t?
3
Let w be -18*((-18)/(-3))/18. Let k be (w/4 - -3)*2. Suppose k*o = 0, 2*o = 4*i - 3 - 5. What is the units digit of i?
2
Suppose 183840 + 76411 + 81779 = 26*i. What is the ten thousands digit of i?
1
Suppose 40530 = 26*v - 15*v - 33929. What is the units digit of v?
9
Let q(x) = -8434*x + 3451. What is the hundreds digit of q(-9)?
3
Let s(u) = 220*u**2 + 19*u + 33. What is the hundreds digit of s(-3)?
9
Suppose 3*p + 4*o - 89 = 0, -o = -2*p - 26 + 89. Let n be ((-60)/(-14))/(8/56). Suppose 0 = n*i - p*i + 51. What is the units digit of i?
1
What is the ten thousands digit of 36/90*(-6379625)/(-50)?
5
Let x = -41028 - -79157. What is the tens digit of x?
2
Let k(o) = -o**3 + 7*o**2 + 3*o + 26. What is the tens digit of k(6)?
8
Let d be 21/84 + (-237)/4 + 1. Let x be d/(-3)*(-27)/(-6). Let c = x + -41. What is the tens digit of c?
4
Suppose 114*h - 38*h - 124640 = 0. What is the thousands digit of h?
1
Let q be (-48)/(-22) + 9/((-594)/12). Suppose 380 = v - 4*o, -q*v + 4*o = -3*v + 396. What is the hundreds digit of v?
3
Let x(w) = w**2 - 6*w + 6. Let r be x(8). Let l(s) = 2*s + 7. Let d be l(r). Suppose 